{"id":2151,"date":"2021-10-14T19:17:15","date_gmt":"2021-10-14T17:17:15","guid":{"rendered":"https:\/\/dreiradfreunde.de\/drf-v3\/?page_id=2151"},"modified":"2021-10-14T19:17:15","modified_gmt":"2021-10-14T17:17:15","slug":"verhaltensregeln","status":"publish","type":"page","link":"https:\/\/dreiradfreunde.de\/drf-v3\/verhaltensregeln\/","title":{"rendered":"Verhaltensregeln"},"content":{"rendered":"<p style=\"text-align: center;\"><strong>Verhaltensregeln f\u00fcr dreiradfreunde.de -&gt; Die etwas andere Dreirad-Community <\/strong><\/p>\n<p>dreiradfreunde.de -&gt; Die etwas andere Dreirad-Community betreibt ein interaktives Online-Angebot, das als soziales Netzwerk im Internet abrufbar ist. Alle auf dreiradfreunde.de -&gt; Die etwas andere Dreirad-Community .de registrierten Nutzer bilden zusammen ein einheitliches soziales Netzwerk (nachfolgend Netzwerk). Jeder Nutzer kann entscheiden, ob und in wieweit er Nutzern Einsicht in sein Profil gew\u00e4hrt.<\/p>\n<p>F\u00fcr das Verhalten aller Nutzer des Netzwerks, f\u00fcr Inhalte in Profilen und Gruppen, f\u00fcr Bilder und Links, sowie f\u00fcr den Umgang mit Daten, die \u00fcber das Netzwerk zug\u00e4nglich sind, gelten folgende verbindliche Regeln:<\/p>\n<ol>\n<li>dreiradfreunde.de ist ein deutsches soziales Netzwerk und von daher wird in diesem Netzwerk auch nur deutsch gesprochen und geschrieben. Beitr\u00e4ge sowie Bilder, auf denen ausl\u00e4ndische Sprache zu sehen ist, werden ausnahmslos gel\u00f6scht. Dies gilt auch f\u00fcr Verlinkungen zu Videos, Bildern und anderen Webseiten. Verst\u00f6\u00dft ein Mitglied mehrmals gegen diese Regel, sehen wir uns gezwungen, dieses Mitglied aus unserem Netzwerk auszuschlie\u00dfen.<\/li>\n<li>Es ist pro Person nur ein Benutzerkonto zul\u00e4ssig.<\/li>\n<li>Eine respektvolle Ausdrucksweise und ein h\u00f6flicher Umgang miteinander geh\u00f6ren zu den Grundlagen in unserem Netzwerk. Dementsprechend ist es nicht gestattet, andere Menschen negativ hervorzuheben, zu mobben oder l\u00e4cherlich zu machen.<\/li>\n<li>Ver\u00f6ffentlichungen, die gegen geltendes Recht versto\u00dfen, sind nat\u00fcrlich grunds\u00e4tzlich nicht gestattet.<\/li>\n<li>Kein wiederholtes Zusenden von Nachrichten, wenn die Empf\u00e4ngerin oder der Empf\u00e4nger mitgeteilt hat, dass dies nicht erw\u00fcnscht ist.<\/li>\n<li>Es d\u00fcrfen keine Kettenbriefe, Pyramidenschemata, Wettbewerbe, Lotterien, Wettspiele oder \u00c4hnliches verschickt bzw. organisiert werden.<\/li>\n<li>Angaben in Profilen und Gruppen m\u00fcssen der Wirklichkeit entsprechen. Inhalte in Profilen und Gruppen sowie Bilder und Links d\u00fcrfen nur zu privaten Zwecken ver\u00f6ffentlicht werden. Daten, die von anderen Nutzern \u00fcber das Netzwerk ver\u00f6ffentlicht werden, d\u00fcrfen in keiner Weise weiterverwendet werden.<\/li>\n<li>F\u00fcr jede Art von Ver\u00f6ffentlichung (Daten, Informationen, Bilder und dergleichen), sowie deren Folgen sind die Nutzer in jeder Hinsicht selbst verantwortlich.<\/li>\n<li>Wenn auf der Profilseite ein Profilbild hochgeladen wird, muss der Nutzer darauf erkennbar sein.<\/li>\n<li>Der Nutzer darf nur Inhalte ver\u00f6ffentlichen, an denen er auch die Rechte h\u00e4lt. F\u00fcr Ver\u00f6ffentlichungen mit Bezug zu Dritten ist deren Einverst\u00e4ndnis erforderlich.<\/li>\n<li>Es darf keine kommerzielle oder politische Werbung von Nutzern ver\u00f6ffentlicht werden.<\/li>\n<li>Rassistische, gewaltt\u00e4tige, politisch extremistische, sexistische, diskriminierende oder sonst anst\u00f6\u00dfige Ver\u00f6ffentlichungen, sowie solche, die andere Personen, Volksgruppen oder religi\u00f6se Bekenntnisse beleidigen, verleumden, bedrohen oder verbal herabsetzen, sind nicht gestattet.<\/li>\n<li>Nacktaufnahmen und pornografische Motive bzw. Abbildungen von k\u00f6rperlicher oder sexueller Gewalt sind nicht gestattet. Ebenso verboten sind Aufnahmen von Opfern von Gewalttaten, Opfern von Krieg oder Opfern von Naturkatastrophen, die Verwendung von verfassungswidrigen Symbolen sowie die Abbildung von gewaltverherrlichenden Motiven oder Darstellungen von Kriegshandlungen.<\/li>\n<li>Nachrichten sind vom Nutzer vertraulich zu behandeln. Sie d\u00fcrfen nur mit ausdr\u00fccklicher Zustimmung des Absenders Dritten zug\u00e4nglich gemacht werden.<\/li>\n<li>Daten d\u00fcrfen nicht ohne Zustimmung manuell oder automatisiert zum Zwecke der Datengewinnung ausgelesen, gespeichert, bearbeitet, ver\u00e4ndert, weitergeleitet, kommerziell genutzt oder auf sonstige Weise missbraucht werden.<\/li>\n<li>Es d\u00fcrfen keine Profile innerhalb des Netzwerks und keine Internet-Seiten eingerichtet werden, die dazu dienen, Informationen auszulesen, zu speichern, zu bearbeiten, zu ver\u00e4ndern, weiterzuleiten oder auf sonstige Weise zu missbrauchen.<\/li>\n<li>Es d\u00fcrfen keine Viren, Links, Programme oder sonstige Verfahren angewandt oder verbreitet werden, mit denen gegen die Allgemeinen Gesch\u00e4ftsbedingungen f\u00fcr die Nutzung des Netzwerks versto\u00dfen wird.<\/li>\n<li>Die Bekanntgabe und der Austausch von Passw\u00f6rtern, Codes und Seriennummern jeglicher Art sind auf der Plattform nicht gestattet.<\/li>\n<li>Es d\u00fcrfen keine technischen Angriffe unternommen werden, um Daten einzelner Nutzer ganz oder teilweise zu ver\u00e4ndern, zu missbrauchen, zu l\u00f6schen oder in sonstiger Weise zu besch\u00e4digen. Ebenso sind technische Angriffe auf die Plattform dreiradfreunde.de oder die Datenbank des Netzwerks in jeder Form untersagt.<\/li>\n<li>Zus\u00e4tzlich zum Verhaltenskodex sind die Allgemeine Nutzungsbedingungen f\u00fcr dreiradfreunde.de f\u00fcr die Nutzung des Netzwerks einzuhalten.<\/li>\n<li>Es d\u00fcrfen keine Bilder, Videos oder Texte von anderen Mitgliedern heruntergeladen, kopiert, gespeichert und woanders im Internet ver\u00f6ffentlicht werden ohne die ausdr\u00fcckliche Zustimmung des Autor\/Besitzers. Hier gilt das Urheberrecht und das Recht am eigenen Bild. Sollte gegen diese Regel versto\u00dfen werden, hat der Autor\/Besitzer das Recht, gegen entsprechendes Mitglied gesetzlich vorzugehen. Der Betreiber der Community dreiradfreunde.de kann hingegen rechtlich nicht belangt werden, wird aber bei Hinweisen auf Verst\u00f6sse gegen diese Regel entsprechendes Mitglied von der Community ausschlie\u00dfen.<\/li>\n<\/ol>\n<p><strong>Andung von Verst\u00f6\u00dfen<\/strong><\/p>\n<ol>\n<li>Ein Versto\u00df gegen die Allgemeine Nutzungsbedingungen f\u00fcr dreiradfreunde.de oder den Verhaltenskodex hat eine Verwarnung des Nutzers, eine tempor\u00e4re oder permanente Sperrung seines Profils oder eine Profill\u00f6schung zur Folge.<\/li>\n<li>Profile, die eine andere als die tats\u00e4chliche Identit\u00e4t des Nutzers widerspiegeln, werden ohne Verwarnung bereits beim ersten Versto\u00df gel\u00f6scht.<\/li>\n<li>Die Betreiber des Netzwerkes dreiradfreunde.de behalten sich vor, ein Profil oder eine Gruppe bei einem groben Versto\u00df sofort und ohne Erteilung einer vorherigen Verwarnung zu l\u00f6schen.<\/li>\n<li>Bei L\u00f6schung eines Gruppengr\u00fcnders setzt das Team von dreiradfreunde.de einen der Gruppenmoderatoren als neuen Gruppengr\u00fcnder ein. Ist kein Moderator vorhanden, wird das Profil mit der l\u00e4ngsten Mitgliedschaft in der jeweiligen Gruppe als Gr\u00fcnder eingesetzt.<\/li>\n<\/ol>\n<p><span style=\"color: #ff0000;\"><em>Aufgrund von Vorkommnissen in der alten Community hinzugef\u00fcgt:<\/em><\/span><\/p>\n<p>Es d\u00fcrfen von Mitgliedern keine Daten von anderen Mitgliedern direkt oder indirekt\u00a0 gesammelt werden, um diese zum Zweck der Abwerbung f\u00fcr andere Webseiten mit gleichem oder \u00e4hnlichem Inhalt zu nutzen.<\/p>\n<p>Des weiteren ist es untersagt, gezielt Mitglieder f\u00fcr andere Webseiten mit gleichem oder \u00e4hnlichem Inhalt abzuwerben, egal welcher Art.<\/p>\n<p>Es ist nur mit ausdr\u00fccklicher Zustimmung (m\u00fcndlich oder schriftlich) des Inhabers\/Betreibers von Dreiradfreunde.de gestattet, Werbung (egal ob direkt oder indirekt) f\u00fcr andere Webseiten mit gleichem oder \u00e4hnlichem Inhalt zu machen. Dies gilt generell, aber haupts\u00e4chlich in Forenbeitr\u00e4gen, im Chat und in Nachrichten.<\/p>\n<p>Bei Verst\u00f6\u00dfen beh\u00e4lt sich der Betreiber\/Inhaber von Dreiradfreunde.de das Recht vor, entsprechende Forenbeitr\u00e4ge, Artikel oder \u00c4hnliches zu editieren bzw. zu l\u00f6schen.<\/p>\n<p>Desweiteren kann bei Verst\u00f6\u00dfen das Profil und die Mitgliedschaft vor\u00fcbergehend bzw. generell gesperrt werden bis zur Kl\u00e4rung des Sachverhaltes. Auch einen Ausschluss aus der Community mit der damit verbundenen L\u00f6schung des Zuganges sind m\u00f6glich.<\/p>\n<p>Auch beh\u00e4lt sich der Betreiber\/Inhaber von Dreiradfreunde.de das Recht vor, entsprechend rechtliche Schritte einzuleiten sowie Schadensersatzforderungen zu stellen.<\/p>\n","protected":false},"excerpt":{"rendered":"<p>Verhaltensregeln f\u00fcr dreiradfreunde.de -&gt; Die etwas andere Dreirad-Community dreiradfreunde.de -&gt; Die etwas andere Dreirad-Community betreibt ein interaktives Online-Angebot, das als soziales Netzwerk im Internet abrufbar ist. Alle auf dreiradfreunde.de -&gt; Die etwas andere Dreirad-Community .de registrierten Nutzer bilden zusammen ein einheitliches soziales Netzwerk (nachfolgend Netzwerk). Jeder Nutzer kann entscheiden, ob und in wieweit er Nutzern &hellip; <a href=\"https:\/\/dreiradfreunde.de\/drf-v3\/verhaltensregeln\/\" class=\"more-link\">Weiterlesen<span class=\"screen-reader-text\"> &#8220;Verhaltensregeln&#8221;<\/span><\/a><\/p>\n","protected":false},"author":1,"featured_media":0,"parent":0,"menu_order":0,"comment_status":"closed","ping_status":"closed","template":"","meta":{"_bbp_topic_count":0,"_bbp_reply_count":0,"_bbp_total_topic_count":0,"_bbp_total_reply_count":0,"_bbp_voice_count":0,"_bbp_anonymous_reply_count":0,"_bbp_topic_count_hidden":0,"_bbp_reply_count_hidden":0,"_bbp_forum_subforum_count":0,"pmpro_default_level":"","footnotes":""},"categories":[],"tags":[],"class_list":["post-2151","page","type-page","status-publish","hentry","pmpro-has-access"],"_links":{"self":[{"href":"https:\/\/dreiradfreunde.de\/drf-v3\/wp-json\/wp\/v2\/pages\/2151","targetHints":{"allow":["GET"]}}],"collection":[{"href":"https:\/\/dreiradfreunde.de\/drf-v3\/wp-json\/wp\/v2\/pages"}],"about":[{"href":"https:\/\/dreiradfreunde.de\/drf-v3\/wp-json\/wp\/v2\/types\/page"}],"author":[{"embeddable":true,"href":"https:\/\/dreiradfreunde.de\/drf-v3\/wp-json\/wp\/v2\/users\/1"}],"replies":[{"embeddable":true,"href":"https:\/\/dreiradfreunde.de\/drf-v3\/wp-json\/wp\/v2\/comments?post=2151"}],"version-history":[{"count":0,"href":"https:\/\/dreiradfreunde.de\/drf-v3\/wp-json\/wp\/v2\/pages\/2151\/revisions"}],"wp:attachment":[{"href":"https:\/\/dreiradfreunde.de\/drf-v3\/wp-json\/wp\/v2\/media?parent=2151"}],"wp:term":[{"taxonomy":"category","embeddable":true,"href":"https:\/\/dreiradfreunde.de\/drf-v3\/wp-json\/wp\/v2\/categories?post=2151"},{"taxonomy":"post_tag","embeddable":true,"href":"https:\/\/dreiradfreunde.de\/drf-v3\/wp-json\/wp\/v2\/tags?post=2151"}],"curies":[{"name":"wp","href":"https:\/\/api.w.org\/{rel}","templated":true}]}}