{"id":2144,"date":"2021-10-14T19:15:22","date_gmt":"2021-10-14T17:15:22","guid":{"rendered":"https:\/\/dreiradfreunde.de\/drf-v3\/?page_id=2144"},"modified":"2021-10-25T21:24:05","modified_gmt":"2021-10-25T19:24:05","slug":"werben-bei-uns","status":"publish","type":"page","link":"https:\/\/dreiradfreunde.de\/drf-v3\/werben-bei-uns\/","title":{"rendered":"Werben bei uns"},"content":{"rendered":"<h3 style=\"text-align: center;\"><span style=\"color: #0000ff;\"><strong>Werben bei uns<\/strong><\/span><\/h3>\n<p>Wir bieten allen Interessierten an, bei uns Werbung zu schalten. Bevorzugt schalten wir aber Werbung von Piaggio Ape H\u00e4ndlern und H\u00e4ndlern, die mit Zubeh\u00f6r und Ersatzteilen handeln.<\/p>\n<p>Hierf\u00fcr k\u00f6nnen wir auf unserer Community verschiedene Bereiche in verschiedenen Gr\u00f6\u00dfen anbieten. Werbung kann quasi \u00fcberall auf der Community geschaltet werden, wir m\u00f6chten aber unsere Community nicht *zupflastern* mit Werbung, sondern gezielt und dezent plazieren, so das sie gesehen wird, aber das Gesamtbild der Community nicht zerst\u00f6rt. Daf\u00fcr werden wir bestimmte Bereiche der Community reservieren.<\/p>\n<p>Sie k\u00f6nnen dann auch ausw\u00e4hlen, ob Sie exklusiv einen Werbeplatz buchen m\u00f6chten oder ob Sie Ihre Werbung im Wechsel mit anderer Werbung schalten m\u00f6chten. Hier w\u00fcrde dann ein sogenannter *Slider* zum Einsatz kommen, wo immer nach 10 Sekunden die Werbeeinblendung gewechselt wird. Dieser Slider w\u00fcrde nur mit maximal 6 Werbebannern best\u00fcckt, so das Ihre Werbung mindestens einmal pro Minute f\u00fcr 10 Sekunden eingeblendet wird. Diese Variante ist dann auch etwas kosteng\u00fcnstiger.<\/p>\n<p>Es k\u00f6nnen auch spezielle Werbeaktionen angeboten werden, z.B. bei der Einf\u00fchrung neuer Fahrzeuge und\/oder Produkte bzw. bei Firmener\u00f6ffnungen, Jubil\u00e4en etc..<\/p>\n<p>Wir sind da \u00e4u\u00dferst flexibel.<\/p>\n<p>Derzeit k\u00f6nnen Sie nur Werbung bei uns buchen, in dem Sie mit uns in Kontakt treten z.B, \u00fcber unser <a href=\"https:\/\/dreiradfreunde.de\/drf-v3\/kontaktformular\/\"><span style=\"color: #0000ff;\"><em>Kontaktformular<\/em><\/span><\/a> .<\/p>\n<p>In K\u00fcrze bauen wir unseren Werbebereich aus, so das Sie dann selbst Werbung buchen und schalten k\u00f6nnen. F\u00fcr spezielle Werbeaktionen sollten Sie sich aber immer mit uns in Verbindung setzen.<\/p>\n<p>Wo und wie Sie bei uns Werbung schalten k\u00f6nnen und die entsprechenden Preise erfahren Sie in K\u00fcrze hier.<\/p>\n<p>Ihr Webmaster<\/p>\n<p><em>Rico Schulz<\/em><\/p>\n","protected":false},"excerpt":{"rendered":"<p>Werben bei uns Wir bieten allen Interessierten an, bei uns Werbung zu schalten. Bevorzugt schalten wir aber Werbung von Piaggio Ape H\u00e4ndlern und H\u00e4ndlern, die mit Zubeh\u00f6r und Ersatzteilen handeln. Hierf\u00fcr k\u00f6nnen wir auf unserer Community verschiedene Bereiche in verschiedenen Gr\u00f6\u00dfen anbieten. Werbung kann quasi \u00fcberall auf der Community geschaltet werden, wir m\u00f6chten aber unsere &hellip; <a href=\"https:\/\/dreiradfreunde.de\/drf-v3\/werben-bei-uns\/\" class=\"more-link\">Weiterlesen<span class=\"screen-reader-text\"> &#8220;Werben bei uns&#8221;<\/span><\/a><\/p>\n","protected":false},"author":1,"featured_media":0,"parent":0,"menu_order":0,"comment_status":"closed","ping_status":"closed","template":"","meta":{"_bbp_topic_count":0,"_bbp_reply_count":0,"_bbp_total_topic_count":0,"_bbp_total_reply_count":0,"_bbp_voice_count":0,"_bbp_anonymous_reply_count":0,"_bbp_topic_count_hidden":0,"_bbp_reply_count_hidden":0,"_bbp_forum_subforum_count":0,"pmpro_default_level":"","footnotes":""},"categories":[],"tags":[],"class_list":["post-2144","page","type-page","status-publish","hentry","pmpro-has-access"],"_links":{"self":[{"href":"https:\/\/dreiradfreunde.de\/drf-v3\/wp-json\/wp\/v2\/pages\/2144","targetHints":{"allow":["GET"]}}],"collection":[{"href":"https:\/\/dreiradfreunde.de\/drf-v3\/wp-json\/wp\/v2\/pages"}],"about":[{"href":"https:\/\/dreiradfreunde.de\/drf-v3\/wp-json\/wp\/v2\/types\/page"}],"author":[{"embeddable":true,"href":"https:\/\/dreiradfreunde.de\/drf-v3\/wp-json\/wp\/v2\/users\/1"}],"replies":[{"embeddable":true,"href":"https:\/\/dreiradfreunde.de\/drf-v3\/wp-json\/wp\/v2\/comments?post=2144"}],"version-history":[{"count":0,"href":"https:\/\/dreiradfreunde.de\/drf-v3\/wp-json\/wp\/v2\/pages\/2144\/revisions"}],"wp:attachment":[{"href":"https:\/\/dreiradfreunde.de\/drf-v3\/wp-json\/wp\/v2\/media?parent=2144"}],"wp:term":[{"taxonomy":"category","embeddable":true,"href":"https:\/\/dreiradfreunde.de\/drf-v3\/wp-json\/wp\/v2\/categories?post=2144"},{"taxonomy":"post_tag","embeddable":true,"href":"https:\/\/dreiradfreunde.de\/drf-v3\/wp-json\/wp\/v2\/tags?post=2144"}],"curies":[{"name":"wp","href":"https:\/\/api.w.org\/{rel}","templated":true}]}}