{"id":2141,"date":"2021-10-14T19:13:45","date_gmt":"2021-10-14T17:13:45","guid":{"rendered":"https:\/\/dreiradfreunde.de\/drf-v3\/?page_id=2141"},"modified":"2021-10-25T21:11:57","modified_gmt":"2021-10-25T19:11:57","slug":"informationen-fuer-haendler","status":"publish","type":"page","link":"https:\/\/dreiradfreunde.de\/drf-v3\/informationen-fuer-haendler\/","title":{"rendered":"Informationen f\u00fcr H\u00e4ndler"},"content":{"rendered":"<h3 style=\"text-align: center;\"><span style=\"color: #0000ff;\">Informationen f\u00fcr H\u00e4ndler<\/span><\/h3>\n<p>Wir m\u00f6chten auf unserer Community auch ein umfangreiches Angebot f\u00fcr H\u00e4ndler anbieten.<\/p>\n<p>Hierf\u00fcr haben wir verschiedene M\u00f6glichkeiten geschaffen:<\/p>\n<ol>\n<li><a href=\"https:\/\/dreiradfreunde.de\/drf-v3\/registrieren-als-haendler\/\">Registrierung als H\u00e4ndler<\/a> (Mitgliedschaft H\u00e4ndler)<\/li>\n<li><a href=\"https:\/\/dreiradfreunde.de\/drf-v3\/haendlermitgliedschaften\/\">Registrierung als H\u00e4ndler mit Funktion des Eintrages in unser H\u00e4ndlerverzeichnis<\/a> (Mitgliedschaft H\u00e4ndler Plus)<\/li>\n<li><a href=\"https:\/\/dreiradfreunde.de\/drf-v3\/haendlermitgliedschaften\/\">Erstellung von Kleinanzeigen f\u00fcr H\u00e4ndler<\/a> (Mitgliedschaft H\u00e4ndler oder H\u00e4ndler Plus)<\/li>\n<li><a href=\"https:\/\/dreiradfreunde.de\/drf-v3\/haendlerverzeichnis\/\">Unser H\u00e4ndlerverzeichnis <\/a>(Mitgliedschaft H\u00e4ndler Plus) aber auch ohne Mitgliedschaft m\u00f6glich<\/li>\n<li><a href=\"https:\/\/dreiradfreunde.de\/drf-v3\/werben-bei-uns\/\">Werbung schalten auf Dreiradfreunde.de<\/a> (auch ohne Mitgliedschaft m\u00f6glich)<\/li>\n<\/ol>\n<p>Um weitere Informationen zu erhalten, klicken Sie bitte auf den Punkt, der Sie genauer interessiert.<\/p>\n<p>Bei Fragen oder Anregungen k\u00f6nnen Sie uns jederzeit \u00fcber unser <a href=\"https:\/\/dreiradfreunde.de\/drf-v3\/kontaktformular\/\">Kontaktformular<\/a> oder \u00fcber unsere Mobilfunknummer 0173-8072833 erreichen.<\/p>\n<p>Ihr Webmaster<\/p>\n<p><em>Rico Schulz<\/em><\/p>\n","protected":false},"excerpt":{"rendered":"<p>Informationen f\u00fcr H\u00e4ndler Wir m\u00f6chten auf unserer Community auch ein umfangreiches Angebot f\u00fcr H\u00e4ndler anbieten. Hierf\u00fcr haben wir verschiedene M\u00f6glichkeiten geschaffen: Registrierung als H\u00e4ndler (Mitgliedschaft H\u00e4ndler) Registrierung als H\u00e4ndler mit Funktion des Eintrages in unser H\u00e4ndlerverzeichnis (Mitgliedschaft H\u00e4ndler Plus) Erstellung von Kleinanzeigen f\u00fcr H\u00e4ndler (Mitgliedschaft H\u00e4ndler oder H\u00e4ndler Plus) Unser H\u00e4ndlerverzeichnis (Mitgliedschaft H\u00e4ndler Plus) aber &hellip; <a href=\"https:\/\/dreiradfreunde.de\/drf-v3\/informationen-fuer-haendler\/\" class=\"more-link\">Weiterlesen<span class=\"screen-reader-text\"> &#8220;Informationen f\u00fcr H\u00e4ndler&#8221;<\/span><\/a><\/p>\n","protected":false},"author":1,"featured_media":0,"parent":0,"menu_order":0,"comment_status":"closed","ping_status":"closed","template":"","meta":{"_bbp_topic_count":0,"_bbp_reply_count":0,"_bbp_total_topic_count":0,"_bbp_total_reply_count":0,"_bbp_voice_count":0,"_bbp_anonymous_reply_count":0,"_bbp_topic_count_hidden":0,"_bbp_reply_count_hidden":0,"_bbp_forum_subforum_count":0,"pmpro_default_level":"","footnotes":""},"categories":[],"tags":[],"class_list":["post-2141","page","type-page","status-publish","hentry","pmpro-has-access"],"_links":{"self":[{"href":"https:\/\/dreiradfreunde.de\/drf-v3\/wp-json\/wp\/v2\/pages\/2141","targetHints":{"allow":["GET"]}}],"collection":[{"href":"https:\/\/dreiradfreunde.de\/drf-v3\/wp-json\/wp\/v2\/pages"}],"about":[{"href":"https:\/\/dreiradfreunde.de\/drf-v3\/wp-json\/wp\/v2\/types\/page"}],"author":[{"embeddable":true,"href":"https:\/\/dreiradfreunde.de\/drf-v3\/wp-json\/wp\/v2\/users\/1"}],"replies":[{"embeddable":true,"href":"https:\/\/dreiradfreunde.de\/drf-v3\/wp-json\/wp\/v2\/comments?post=2141"}],"version-history":[{"count":0,"href":"https:\/\/dreiradfreunde.de\/drf-v3\/wp-json\/wp\/v2\/pages\/2141\/revisions"}],"wp:attachment":[{"href":"https:\/\/dreiradfreunde.de\/drf-v3\/wp-json\/wp\/v2\/media?parent=2141"}],"wp:term":[{"taxonomy":"category","embeddable":true,"href":"https:\/\/dreiradfreunde.de\/drf-v3\/wp-json\/wp\/v2\/categories?post=2141"},{"taxonomy":"post_tag","embeddable":true,"href":"https:\/\/dreiradfreunde.de\/drf-v3\/wp-json\/wp\/v2\/tags?post=2141"}],"curies":[{"name":"wp","href":"https:\/\/api.w.org\/{rel}","templated":true}]}}