{"id":2135,"date":"2021-10-14T19:11:14","date_gmt":"2021-10-14T17:11:14","guid":{"rendered":"https:\/\/dreiradfreunde.de\/drf-v3\/?page_id=2135"},"modified":"2021-10-14T19:11:14","modified_gmt":"2021-10-14T17:11:14","slug":"preisliste-kleinanzeigenmarkt","status":"publish","type":"page","link":"https:\/\/dreiradfreunde.de\/drf-v3\/preisliste-kleinanzeigenmarkt\/","title":{"rendered":"Preisliste Kleinanzeigenmarkt"},"content":{"rendered":"<p style=\"text-align: center;\"><span style=\"font-size: 14px;\"><strong>Unsere Preisliste f\u00fcr den Kleinanzeigenmarkt<\/strong><\/span><\/p>\n<p>Kleinanzeigen k\u00f6nnen derzeit nur von registrierten Mitgliedern ver\u00f6ffentlicht werden, welche eine Standard- oder H\u00e4ndlermitgliedschaft nutzen. Mitglieder, welche eine kostenlose Testmitgliedschaft nutzen, k\u00f6nnen keine Kleinanzeigen erstellen.<\/p>\n<p><em>Kosten:<\/em><\/p>\n<p><strong>Alle Kategorien und Unterkategorien:<\/strong><\/p>\n<p><strong><em>Private Kleinanzeigen (pro Anzeige):<\/em><\/strong><\/p>\n<p>Anzeigendauer 30 Tage: kostenlos<\/p>\n<p>Verl\u00e4ngerung der kostenlosen Kleinanzeige um weitere 30 Tage: 0.00 Euro<\/p>\n<p><em><strong>H\u00e4ndleranzeigen (pro Anzeige):<\/strong><\/em><\/p>\n<p>Anzeigendauer 30 Tage: 0,50 Euro (Sammelrechnung m\u00f6glich)<\/p>\n<p><em><strong>Premiumanzeige (farblich hervorgehoben und als Premium markiert):<\/strong><\/em><\/p>\n<p>Anzeigedauer 30 Tage: 9,95 Euro<\/p>\n<p>Preis\u00e4nderungen vorbehalten.<\/p>\n","protected":false},"excerpt":{"rendered":"<p>Unsere Preisliste f\u00fcr den Kleinanzeigenmarkt Kleinanzeigen k\u00f6nnen derzeit nur von registrierten Mitgliedern ver\u00f6ffentlicht werden, welche eine Standard- oder H\u00e4ndlermitgliedschaft nutzen. Mitglieder, welche eine kostenlose Testmitgliedschaft nutzen, k\u00f6nnen keine Kleinanzeigen erstellen. Kosten: Alle Kategorien und Unterkategorien: Private Kleinanzeigen (pro Anzeige): Anzeigendauer 30 Tage: kostenlos Verl\u00e4ngerung der kostenlosen Kleinanzeige um weitere 30 Tage: 0.00 Euro H\u00e4ndleranzeigen (pro &hellip; <a href=\"https:\/\/dreiradfreunde.de\/drf-v3\/preisliste-kleinanzeigenmarkt\/\" class=\"more-link\">Weiterlesen<span class=\"screen-reader-text\"> &#8220;Preisliste Kleinanzeigenmarkt&#8221;<\/span><\/a><\/p>\n","protected":false},"author":1,"featured_media":0,"parent":0,"menu_order":0,"comment_status":"closed","ping_status":"closed","template":"","meta":{"_bbp_topic_count":0,"_bbp_reply_count":0,"_bbp_total_topic_count":0,"_bbp_total_reply_count":0,"_bbp_voice_count":0,"_bbp_anonymous_reply_count":0,"_bbp_topic_count_hidden":0,"_bbp_reply_count_hidden":0,"_bbp_forum_subforum_count":0,"pmpro_default_level":"","footnotes":""},"categories":[],"tags":[],"class_list":["post-2135","page","type-page","status-publish","hentry","pmpro-has-access"],"_links":{"self":[{"href":"https:\/\/dreiradfreunde.de\/drf-v3\/wp-json\/wp\/v2\/pages\/2135","targetHints":{"allow":["GET"]}}],"collection":[{"href":"https:\/\/dreiradfreunde.de\/drf-v3\/wp-json\/wp\/v2\/pages"}],"about":[{"href":"https:\/\/dreiradfreunde.de\/drf-v3\/wp-json\/wp\/v2\/types\/page"}],"author":[{"embeddable":true,"href":"https:\/\/dreiradfreunde.de\/drf-v3\/wp-json\/wp\/v2\/users\/1"}],"replies":[{"embeddable":true,"href":"https:\/\/dreiradfreunde.de\/drf-v3\/wp-json\/wp\/v2\/comments?post=2135"}],"version-history":[{"count":0,"href":"https:\/\/dreiradfreunde.de\/drf-v3\/wp-json\/wp\/v2\/pages\/2135\/revisions"}],"wp:attachment":[{"href":"https:\/\/dreiradfreunde.de\/drf-v3\/wp-json\/wp\/v2\/media?parent=2135"}],"wp:term":[{"taxonomy":"category","embeddable":true,"href":"https:\/\/dreiradfreunde.de\/drf-v3\/wp-json\/wp\/v2\/categories?post=2135"},{"taxonomy":"post_tag","embeddable":true,"href":"https:\/\/dreiradfreunde.de\/drf-v3\/wp-json\/wp\/v2\/tags?post=2135"}],"curies":[{"name":"wp","href":"https:\/\/api.w.org\/{rel}","templated":true}]}}