{"id":2131,"date":"2021-10-14T19:07:57","date_gmt":"2021-10-14T17:07:57","guid":{"rendered":"https:\/\/dreiradfreunde.de\/drf-v3\/?page_id=2131"},"modified":"2024-12-08T00:48:01","modified_gmt":"2024-12-07T23:48:01","slug":"funtionsuebersicht","status":"publish","type":"page","link":"https:\/\/dreiradfreunde.de\/drf-v3\/funtionsuebersicht\/","title":{"rendered":"Funktions\u00fcbersicht"},"content":{"rendered":"<h2 style=\"text-align: center;\">Funktions\u00fcbersicht<\/h2>\n<p><strong>Communitybereich:<\/strong><\/p>\n<p><em>Aktivit\u00e4ten:<\/em><\/p>\n<p>Hier siehst Du direkt nach dem einloggen, was sich seit Deinem letzten Besuch getan hat. Hier kannst Du auch Neuigkeiten von Dir ver\u00f6ffentlichen.<\/p>\n<p><em>Gruppen:<\/em><\/p>\n<p>Hier findest Du eine \u00dcbersicht aller Gruppen, welche von den Mitgliedern gegr\u00fcndet worden sind. Es gibt hier auch die M\u00f6glichkeit, selbst eine Gruppe zu gr\u00fcnden.<\/p>\n<p><em>Mitglieder:<\/em><\/p>\n<p>Hier findest Du eine \u00dcbersicht aller Mitglieder von Dreiradfreunde.de. Es besteht auch die M\u00f6glichkeit, diese Liste nach bestimmten Kriterien anzeigen zu lassen.<\/p>\n<p><strong>Forum:<\/strong><\/p>\n<p>Als ein Hauptbestandteil von Dreiradfreunde.de findest Du hier das Forum in der Gesamt\u00fcbersicht. Wenn Du in einen der Themenbereiche geklickt hast, kannst Du auch einen Forenbeitrag schreiben. Entsprechendes Formular findest Du immer am Ende der Seite. Das Formular ist nun einfach gestaltet und \u00fcbersichtlicher und bedienerfreundlicher.<\/p>\n<p><strong>Chat:<\/strong><\/p>\n<p>Wenn Du auf Chat klickst, \u00f6ffnet sich eine separate Seite mit dem Chat. Es ist ein einfacher, aber effektiver Chat mit interessanten Funktionen. Ob jemand im Chat ist, kannst Du in der rechten Seitenleiste ersehen im Block im Chat online .<\/p>\n<p><strong>Kleinanzeigenmarkt:<\/strong><\/p>\n<p>Im Kleinanzeigenmarkt kannst Du kostenlose Kleinanzeigen erstellen, welche 30 Tage lang sichtbar sind. Wenn Du die Anzeige verl\u00e4ngern m\u00f6chtest, kannst Du dies f\u00fcr weitere 30 Tage tun, dies kostet dann aber 0,50 Euro. Des weiteren kannst Du auch eine Premiumanzeige erstellen, welche besonders hervorgehoben wird und f\u00fcr 60 Tage sichtbar ist. Dies kostet dann 1,00 Euro. H\u00e4ndler k\u00f6nnen hier auch Kleinanzeigen aufgeben, welche besonders hervorgehoben werden. Diese sind dann f\u00fcr 30 Tage sichtbar und das kostet pro Anzeige dann 1,00 Euro. In der\u00a0 Kleinanzeigennavigation findest Du auch die Allgemeinen Gesch\u00e4ftsbedingungen f\u00fcr den Kleinanzeigenmarkt und die aktuelle Preisliste. \u00dcber die Navigation erreichst Du auch den Bereich, wo Du Deine Kleinanzeigen erstellen kannst. Dort kannst Du auch Bilder von dem zu verkaufenden Artikel hochladen.<\/p>\n<p><strong>Termine:<\/strong><\/p>\n<p>Hier findest Du eine \u00dcbersicht aller von Mitgliedern eingetragenen Termine und Treffen und kannst, wenn vom Veranstalter eingerichtet, auch Pl\u00e4tze buchen. In dem Bereich findest Du auch eine \u00dcbersicht Deiner Buchungen und deren Status. Du kannst \u00fcber die obige Navigation KEINE Termine eintragen. Termineintragungen k\u00f6nnen nur \u00fcber das Mitgliederprofil erfolgen.<\/p>\n<p><strong>Profil:<\/strong><\/p>\n<p>Dies ist die zentrale Steuereinheit der Community und f\u00fcr Dich. Hier findest Du alle wichtigen Funktionen und Einstellungen. Dieser Bereich unterteilt sich in folgende Bereiche:<\/p>\n<p><em>Aktivit\u00e4t:<\/em><\/p>\n<p>Hier findest Du alle Aktivit\u00e4ten von Dir auf der Community und hier kannst Du Neuigkeiten von Dir ver\u00f6ffentlichen. Die Neuigkeiten sind noch einmal unterteilt, so das Du Dir entsprechende Aktivit\u00e4ten gesondert anzeigen lassen kannst.<\/p>\n<p><em>Profil:<\/em><\/p>\n<p>Hier wird Dein Profil angezeigt und hier findest Du die Einstellungen zu Deinem Profil. Du kannst hier auch ein Profil- und ein Titelbild einstellen. Bei Bearbeiten kannst Du einmal Angaben zu Deiner Person machen und die Forumsignatur erstellen und im 2. Tab kannst Du Informationen zu Deiner Ape\/Dreirad eingeben.<\/p>\n<p><em>Benachrichtigungen:<\/em><\/p>\n<p>Hier findest Du alle Benachrichtigungen, welche Du erhalten hast vom System und der Community. Diese Benachrichtigungen kannst Du auch l\u00f6schen.<\/p>\n<p><em>Nachrichten:<\/em><\/p>\n<p>In diesem Bereich siehst Du Nachrichten, welche Du von anderen Mitgliedern erhalten hast. Du kannst hier aber auch Nachrichten an andere Mitglieder senden.<\/p>\n<p><em>Freunde:<\/em><\/p>\n<p>Hier findest Du eine \u00dcbersicht Deiner Freunde in der Community. Aber auch Freundschaftsanfragen, die Dir andere Mitglieder gesendet haben, kannst Du hier ersehen und bearbeiten.<\/p>\n<p><em>Gruppen:<\/em><\/p>\n<p>Dies ist der Gruppenbereich, wo Du Deine Mitgliedschaften siehst, in welcher Gruppe\/-n Du angemeldet bist und hier kannst Du auch ausstehende Gruppeneinladungen sehen und bearbeiten. Aber auch Gruppenveranstaltungen kann man hier ersehen. Erstellen kannst Du hier KEINE Gruppen. Wenn Du eine Gruppe erstellen m\u00f6chtest, dann gehst Du auf die Navigation-&gt; Community-&gt;Gruppen.<\/p>\n<p><em>Forum:<\/em><\/p>\n<p>Im Bereich Forum auf Deinem Profil siehst Du all Deine erstellten Forenbeitr\u00e4ge, verfasste Antworten, Deine Favoriten und Abonnements.<\/p>\n<p><em>Veranstaltungen:<\/em><\/p>\n<p>In diesem Bereich hast Du ein eigenes kleines Veranstaltungsprofil, wo Du und andere Mitglieder (je nach Privatsph\u00e4reneinstellung) sehen k\u00f6nnen, welche Veranstaltungen Du ver\u00f6ffentlicht hast und an welchen Veranstaltungen Du teilnimmst. Hier hast Du aber auch die M\u00f6glichkeit, Veranstaltungen und Treffen zu ver\u00f6ffentlichen, welche Du veranstaltest. Aber auch Deine Veranstaltungsorte kannst Du hier eintragen. Wenn Du eine Veranstaltung organisierst und hier eingetragen hast, kannst Du auch entsprechende Buchungen von Interessenten ersehen, wenn Du den Buchungsmodus aktiviert hast.<\/p>\n<p><em>Medien:<\/em><\/p>\n<p>Dies ist der Bereich, wo Du Deine Bilder, Videos und Audios ver\u00f6ffentlichen kannst. Erstelle ein oder mehrere Alben und lade Deine Bilder etc. hoch. Diese sind dann auf Deinem Profil und in den Aktivit\u00e4ten zu sehen (je nach Privatsph\u00e4reneinstellung). Eine separate Galerie, wie in den alten Communitys gibt es hier nicht mehr. Ich habe auf Grund der Sicherheit und Einfachheit der Community darauf verzichtet, noch eine separate Galerie zu installieren.<\/p>\n<p><em>Einstellungen:<\/em><\/p>\n<p>Dies ist der Bereich, welchen Du Dir als erstes vornehmen solltest, denn hier kannst Du wichtige Einstellungen vornehmen. Hier kannst Du Deine E-Mailadresse und Dein Passwort \u00e4ndern, Einstellen, welche Benachrichtigungen Du von der Community per E-Mail erhalten m\u00f6chtest, welche Profildaten aus der Mitgliederinfo und Deine Ape wer sehen darf und die allgemeine Privatsph\u00e4reneinstellung. Hier kannst Du einstellen, ob jeder, nur Mitglieder, Freunde oder nur Du selber Deine Profildaten sehen d\u00fcrfen. Voreingestellt ist, das nur Mitglieder sehen k\u00f6nnen.<\/p>\n<p><span style=\"color: #ff0000;\"><strong>Wichtig:<\/strong><\/span><\/p>\n<p>Du findest in der obigen Navigation unter dem Men\u00fcpunkt Profil einen Bereich Kontodaten etc&#8230;<\/p>\n<p>Dieser Bereich hat mit der Community an sich nichts zu tun, sondern ist der Bereich f\u00fcr Dein Kundenkonto und regelt die Mitgliedschaften, Zug\u00e4nge (Testmitglied, Standardmitglied, Moderator und Administrator) und die Zugriffsrechte derselben auf der Community.<\/p>\n<p>Hier siehst Du, welches Paket Du gebucht hast, wie lange dies noch g\u00fcltig ist. Du kannst Dein gew\u00e4hltes Paket hier updaten (Testmitglied auf Standardmitglied) oder Deine Standardmitgliedschaft verl\u00e4ngern. Das Paket Testmitgliedschaft ist 60 Tage und das Paket Standardmitgliedschaft ist 365 Tage g\u00fcltig.<\/p>\n<p>Die Abrechnung des Paketes Standardmitglied wird derzeit mit PayPal abgerechnet. Auf Wunsch kannst Du aber auch eine Bankverbindung erhalten, wo Du die Geb\u00fchr \u00fcberweisen kannst. Spreche mich einfach an.<\/p>\n<p><span style=\"color: #0000ff;\"><strong>Bitte beachte auch den <a href=\"https:\/\/dreiradfreunde.de\/drf-v3\/fragen-und-antworten\/\"><span style=\"color: #808080;\"><em>Bereich f\u00fcr Anleitungen<\/em><\/span><\/a>, wo ich alle Funktionen und dessen Benutzung und Bedienung noch einmal genau beschrieben habe.<\/strong><\/span><\/p>\n","protected":false},"excerpt":{"rendered":"<p>Funktions\u00fcbersicht Communitybereich: Aktivit\u00e4ten: Hier siehst Du direkt nach dem einloggen, was sich seit Deinem letzten Besuch getan hat. Hier kannst Du auch Neuigkeiten von Dir ver\u00f6ffentlichen. Gruppen: Hier findest Du eine \u00dcbersicht aller Gruppen, welche von den Mitgliedern gegr\u00fcndet worden sind. Es gibt hier auch die M\u00f6glichkeit, selbst eine Gruppe zu gr\u00fcnden. Mitglieder: Hier findest &hellip; <a href=\"https:\/\/dreiradfreunde.de\/drf-v3\/funtionsuebersicht\/\" class=\"more-link\">Weiterlesen<span class=\"screen-reader-text\"> &#8220;Funktions\u00fcbersicht&#8221;<\/span><\/a><\/p>\n","protected":false},"author":1,"featured_media":0,"parent":0,"menu_order":0,"comment_status":"closed","ping_status":"closed","template":"","meta":{"_bbp_topic_count":0,"_bbp_reply_count":0,"_bbp_total_topic_count":0,"_bbp_total_reply_count":0,"_bbp_voice_count":0,"_bbp_anonymous_reply_count":0,"_bbp_topic_count_hidden":0,"_bbp_reply_count_hidden":0,"_bbp_forum_subforum_count":0,"pmpro_default_level":"","footnotes":""},"categories":[],"tags":[],"class_list":["post-2131","page","type-page","status-publish","hentry","pmpro-has-access"],"_links":{"self":[{"href":"https:\/\/dreiradfreunde.de\/drf-v3\/wp-json\/wp\/v2\/pages\/2131","targetHints":{"allow":["GET"]}}],"collection":[{"href":"https:\/\/dreiradfreunde.de\/drf-v3\/wp-json\/wp\/v2\/pages"}],"about":[{"href":"https:\/\/dreiradfreunde.de\/drf-v3\/wp-json\/wp\/v2\/types\/page"}],"author":[{"embeddable":true,"href":"https:\/\/dreiradfreunde.de\/drf-v3\/wp-json\/wp\/v2\/users\/1"}],"replies":[{"embeddable":true,"href":"https:\/\/dreiradfreunde.de\/drf-v3\/wp-json\/wp\/v2\/comments?post=2131"}],"version-history":[{"count":1,"href":"https:\/\/dreiradfreunde.de\/drf-v3\/wp-json\/wp\/v2\/pages\/2131\/revisions"}],"predecessor-version":[{"id":16443,"href":"https:\/\/dreiradfreunde.de\/drf-v3\/wp-json\/wp\/v2\/pages\/2131\/revisions\/16443"}],"wp:attachment":[{"href":"https:\/\/dreiradfreunde.de\/drf-v3\/wp-json\/wp\/v2\/media?parent=2131"}],"wp:term":[{"taxonomy":"category","embeddable":true,"href":"https:\/\/dreiradfreunde.de\/drf-v3\/wp-json\/wp\/v2\/categories?post=2131"},{"taxonomy":"post_tag","embeddable":true,"href":"https:\/\/dreiradfreunde.de\/drf-v3\/wp-json\/wp\/v2\/tags?post=2131"}],"curies":[{"name":"wp","href":"https:\/\/api.w.org\/{rel}","templated":true}]}}