{"id":15967,"date":"2021-11-14T21:27:35","date_gmt":"2021-11-14T20:27:35","guid":{"rendered":"https:\/\/dreiradfreunde.de\/drf-v3\/?page_id=15967"},"modified":"2022-08-20T18:46:13","modified_gmt":"2022-08-20T16:46:13","slug":"anmeldeformular-zum-3-lausitzer-ape-und-dreiradtreffen-in-lohsa","status":"publish","type":"page","link":"https:\/\/dreiradfreunde.de\/drf-v3\/anmeldeformular-zum-3-lausitzer-ape-und-dreiradtreffen-in-lohsa\/","title":{"rendered":"Anmeldeformular zum 3. Lausitzer Ape- und Dreiradtreffen in Lohsa"},"content":{"rendered":"<h2 style=\"text-align: center;\"><span style=\"color: #3366ff;\">Anmeldeformular zum Treffen<\/span><\/h2>\n<p>Wenn Du verbindlich am 3. Lausitzer Ape- und Dreiradtreffen in Lohsa teilnehmen m\u00f6chtest, dann bitte ich Dich, dieses Formular auszuf\u00fcllen.<\/p>\n<p>Die hier abgefragten Daten ben\u00f6tige ich zum einen zur besseren Planung und Organisation des Treffens und f\u00fcr eine kleine interne Statistik.<\/p>\n<p>Die Abfrage zwecks Deiner Aktivit\u00e4t und Deinem Benutzernamen in verschiedenen Foren bzw. Communitys dient dazu, das ich Dich im Bedarfsfall bei \u00c4nderungen bez\u00fcglich des Treffens dann dort schnell kontaktieren kann.<\/p>\n<p>Alle Daten werden selbstverst\u00e4ndlich nach dem Treffen datenschutzkonform gel\u00f6scht.<\/p>\n<p>Solltest Du nach der Anmeldung und Zusage doch nicht zum Treffen kommen k\u00f6nnen, dann bitte ich um eine kurze Mail oder Information mit einer Absage.<\/p>\n<p>Alle mit einem * gekennzeichneten Felder sind Pflichtfelder<\/p>\n<style type=\"text\/css\" id=\"cspFormShell_12_579757_style\">#cspFormShell_12_579757 {}#cspFormShell_12_579757 label {\twidth: 100%;}\/*Fields shell basic*\/#cspFormShell_12_579757 .cfsFieldShell input:not([type=\"checkbox\"]):not([type=\"radio\"]),#cspFormShell_12_579757 .cfsFieldShell textarea,#cspFormShell_12_579757 .cfsFieldShell .cfsListSelect, #cspFormShell_12_579757 .cfsFieldShell .cfsCheck,#cspFormShell_12_579757 .cfsFieldShell button{    padding: 10px;    width: 100%;    font-size: 18px;    line-height: normal;  \tborder: 1px solidrgba(51,51,51,0.1);    color:rgba(51,51,51,0.7);  \tbackground-color:#f7f7f7;    hyphens: none;    border-radius: 0;    margin: 0;    max-width: 100%;    vertical-align: baseline;  \tdisplay: block;  \theight: auto;}#cspFormShell_12_579757 .cfsFieldShell input[type=\"submit\"]:not([type=\"checkbox\"]):not([type=\"radio\"]), #cspFormShell_12_579757 .cfsFieldShell input[type=\"reset\"]:not([type=\"checkbox\"]):not([type=\"radio\"]), #cspFormShell_12_579757 .cfsFieldShell input[type=\"button\"],#cspFormShell_12_579757 .cfsFieldShell button {\tcursor: pointer;  \tfont-weight: 700;    border: 0 none;    color: #fff;    text-transform: uppercase;  \t-webkit-appearance: none;}#cspFormShell_12_579757 .cfsFieldShell input[type=\"submit\"]:not([type=\"checkbox\"]):not([type=\"radio\"]), #cspFormShell_12_579757 .cfsFieldShell input[type=\"button\"],#cspFormShell_12_579757 .cfsFieldShell button {  \tbackground-color: #333333;  \tbackground-image: none;}#cspFormShell_12_579757 .cfsFieldShell input[type=\"submit\"]:not([type=\"checkbox\"]):not([type=\"radio\"]):hover, #cspFormShell_12_579757 .cfsFieldShell input[type=\"button\"]:hover,#cspFormShell_12_579757 .cfsFieldShell button:hover {  \tbackground-color:rgba(51,51,51,0.7);}#cspFormShell_12_579757 .cfsFieldShell input[type=\"reset\"]:not([type=\"checkbox\"]):not([type=\"radio\"]) {  \tbackground-color: #333333;  \tbackground-image: none;}#cspFormShell_12_579757 .cfsFieldShell input[type=\"reset\"]:not([type=\"checkbox\"]):not([type=\"radio\"]):hover {  \tbackground-color:rgba(51,51,51,0.7);}\/* Placeholder text color -- selectors need to be separate to work. *\/#cspFormShell_12_579757 ::-webkit-input-placeholder {\tcolor: rgba(51, 51, 51, 0.7);}#cspFormShell_12_579757 :-moz-placeholder {\tcolor: rgba(51, 51, 51, 0.7);}#cspFormShell_12_579757 ::-moz-placeholder {\tcolor: rgba(51, 51, 51, 0.7);\topacity: 1; \/* Since FF19 lowers the opacity of the placeholder by default *\/}#cspFormShell_12_579757 :-ms-input-placeholder {\tcolor: rgba(51, 51, 51, 0.7);}#cspFormShell_12_579757 { width: 100%}#cspFormShell_12_579757 .cfsSuccessMsg { color: #4ae8ea !important}<\/style><div id=\"cspFormShell_12_579757\" class=\"cfsFormShell\"><form class=\"csfForm\" method=\"post\" action=\"https:\/\/dreiradfreunde.de\/drf-v3\/\"><div class=\"supRow cfsFieldsRow\"><div class=\"supSm12 cfsFieldCol\" data-name=\"Anrede\" data-type=\"selectbox\"><div class=\"cfsFieldShell cfsField_selectbox\" ><label><span class=\"cfsListSelectLabel\">Anrede* <\/span><span class=\"cfsListSelect\"><select name=\"fields[Anrede]\" data-name=\"Anrede\" required ><option value=\"Bitte w\u00e4hle\" >Bitte w\u00e4hle<\/option><option value=\"Frau\" >Frau<\/option><option value=\"Herr\" >Herr<\/option><\/select><\/span><\/label><\/div><\/div><\/div><div class=\"supRow cfsFieldsRow\"><div class=\"supSm6 cfsFieldCol\" data-name=\"first_name\" data-type=\"text\"><div class=\"cfsFieldShell cfsField_text\" ><label><span class=\"cfsInputLabel\">Vorname*&nbsp;<\/span><input type=\"text\" name=\"fields[first_name]\" value=\"\" data-name=\"first_name\" required  \/><\/label><\/div><\/div><div class=\"supSm6 cfsFieldCol\" data-name=\"last_name\" data-type=\"text\"><div class=\"cfsFieldShell cfsField_text\" ><label><span class=\"cfsInputLabel\">Nachname*&nbsp;<\/span><input type=\"text\" name=\"fields[last_name]\" value=\"\" data-name=\"last_name\" required  \/><\/label><\/div><\/div><\/div><div class=\"supRow cfsFieldsRow\"><div class=\"supSm12 cfsFieldCol\" data-name=\"email\" data-type=\"email\"><div class=\"cfsFieldShell cfsField_email\" ><label><span class=\"cfsInputLabel\">E-Mail*&nbsp;<\/span><input type=\"email\" name=\"fields[email]\" value=\"\" data-name=\"email\" required  \/><\/label><\/div><\/div><\/div><div class=\"supRow cfsFieldsRow\"><div class=\"supSm12 cfsFieldCol\" data-name=\"Telefon\" data-type=\"text\"><div class=\"cfsFieldShell cfsField_text\" ><label><span class=\"cfsInputLabel\">Telefonnummer (falls ich Dich kontaktieren darf zwecks Treffen)&nbsp;<\/span><input type=\"text\" name=\"fields[Telefon]\" value=\"\" data-name=\"Telefon\" \/><\/label><\/div><\/div><\/div><div class=\"supRow cfsFieldsRow\"><div class=\"supSm12 cfsFieldCol\" data-name=\"Community\" data-type=\"checkboxlist\"><div class=\"cfsFieldShell cfsField_checkboxlist\" ><label><span class=\"cfsListSelectLabel\">In welcher Community bist Du aktiv? <\/span><span class=\"cfsListSelect\"><label for=\"cfsCheckRandId_12725\"><input type=\"checkbox\" name=\"fields[Community][]\" value=\"ape-fans.de\" data-name=\"Community\" id=\"cfsCheckRandId_12725\"  \/>ape-fans.de<\/label><label for=\"cfsCheckRandId_32291\"><input type=\"checkbox\" name=\"fields[Community][]\" value=\"das-apeforum.de\" data-name=\"Community\" id=\"cfsCheckRandId_32291\"  \/>das-apeforum.de<\/label><label for=\"cfsCheckRandId_66425\"><input type=\"checkbox\" name=\"fields[Community][]\" value=\"Facebook\" data-name=\"Community\" id=\"cfsCheckRandId_66425\"  \/>Facebook<\/label><label for=\"cfsCheckRandId_84534\"><input type=\"checkbox\" name=\"fields[Community][]\" value=\"sonstiges Forum\" data-name=\"Community\" id=\"cfsCheckRandId_84534\"  \/>sonstiges Forum<\/label><\/span><\/label><\/div><\/div><\/div><div class=\"supRow cfsFieldsRow\"><div class=\"supSm12 cfsFieldCol\" data-name=\"Benutzname\" data-type=\"text\"><div class=\"cfsFieldShell cfsField_text\" ><label><span class=\"cfsInputLabel\">Wie ist Dein Benutzername dort?&nbsp;<\/span><input type=\"text\" name=\"fields[Benutzname]\" value=\"\" data-name=\"Benutzname\" \/><\/label><\/div><\/div><\/div><div class=\"supRow cfsFieldsRow\"><div class=\"supSm12 cfsFieldCol\" data-name=\"Personenanzahl\" data-type=\"number\"><div class=\"cfsFieldShell cfsField_number\" ><label><span class=\"cfsInputLabel\">Mit wie vielen Personen reist Du an?*&nbsp;<\/span><input type=\"number\" name=\"fields[Personenanzahl]\" value=\"\" data-name=\"Personenanzahl\" required  \/><\/label><\/div><\/div><\/div><div class=\"supRow cfsFieldsRow\"><div class=\"supSm12 cfsFieldCol\" data-name=\"Fahrzeuganzahl\" data-type=\"number\"><div class=\"cfsFieldShell cfsField_number\" ><label><span class=\"cfsInputLabel\">Mit wie vielen Ape bzw. Dreir\u00e4dern reist Du an?*&nbsp;<\/span><input type=\"number\" name=\"fields[Fahrzeuganzahl]\" value=\"\" data-name=\"Fahrzeuganzahl\" required  \/><\/label><\/div><\/div><\/div><div class=\"supRow cfsFieldsRow\"><div class=\"supSm12 cfsFieldCol\" data-name=\"Anreise\" data-type=\"selectbox\"><div class=\"cfsFieldShell cfsField_selectbox\" ><label><span class=\"cfsListSelectLabel\">Reist Du auf eigener Achse an?* <\/span><span class=\"cfsListSelect\"><select name=\"fields[Anreise]\" data-name=\"Anreise\" required ><option value=\"Ja, ich fahre mit der Ape zum Treffen\" >Ja, ich fahre mit der Ape zum Treffen.<\/option><option value=\"Nein, ich komme mit Auto und Ape auf dem H\u00e4nger.\" >Nein, ich komme mit Auto und Ape auf dem H\u00e4nger.<\/option><\/select><\/span><\/label><\/div><\/div><\/div><div class=\"supRow cfsFieldsRow\"><div class=\"supSm12 cfsFieldCol\" data-name=\"Heimatort\" data-type=\"text\"><div class=\"cfsFieldShell cfsField_text\" ><label><span class=\"cfsInputLabel\">Von wo reist Du an? (Wohnort)*&nbsp;<\/span><input type=\"text\" name=\"fields[Heimatort]\" value=\"\" data-name=\"Heimatort\" required  \/><\/label><\/div><\/div><\/div><div class=\"supRow cfsFieldsRow\"><div class=\"supSm12 cfsFieldCol\" data-name=\"Betreff\" data-type=\"text\"><div class=\"cfsFieldShell cfsField_text\" ><label><span class=\"cfsInputLabel\">Betreff&nbsp;<\/span><input type=\"text\" name=\"fields[Betreff]\" value=\"\" data-name=\"Betreff\" \/><\/label><\/div><\/div><\/div><div class=\"supRow cfsFieldsRow\"><div class=\"supSm12 cfsFieldCol\" data-name=\"message\" data-type=\"textarea\"><div class=\"cfsFieldShell cfsField_textarea\" ><label><span class=\"cfsInputLabel\">Wenn Du mir noch etwas mitteilen m\u00f6chtest&nbsp;<\/span><textarea name=\"fields[message]\" data-name=\"message\" supRows=\"3\" cols=\"50\"><\/textarea><\/label><\/div><\/div><\/div><div class=\"supRow cfsFieldsRow\"><div class=\"supSm6 cfsFieldCol\" data-name=\"send\" data-type=\"submit\"><div class=\"cfsFieldShell cfsField_submit\" ><input type=\"submit\" name=\"fields[send]\" value=\"Absenden\" data-name=\"send\" \/><\/div><\/div><div class=\"supSm6 cfsFieldCol\" data-name=\"reset\" data-type=\"reset\"><div class=\"cfsFieldShell cfsField_reset\" ><input type=\"reset\" name=\"fields[reset]\" value=\"L\u00f6schen\" data-name=\"reset\" \/><\/div><\/div><\/div><div class=\"supRow cfsFieldsRow\"><div class=\"supSm12 cfsFieldCol\" data-name=\"Einwilligung_zur_Datennutzung\" data-type=\"checkbox\"><div class=\"cfsFieldShell cfsField_checkbox\" ><label class=\"cfsCheck\"><input type=\"checkbox\" name=\"fields[Einwilligung_zur_Datennutzung]\" value=\"1\" data-name=\"Einwilligung_zur_Datennutzung\" style=\"height: auto; width: auto; margin: 0; padding: 0;\"  required  \/>&nbsp;Einwilligung zur Datennutzung*: Hiermit willige ich ein, das meine im Anmeldeformular angegeben Daten nur zur Planung und Vorbereitung des 3. Lausitzer Ape- und Dreiradtreffen in Lohsa und zur Erstellung einer internen Teilnehmerliste sowie einer internen Statistik verwendet werden d\u00fcrfen. Nach dem Treffen werden die Daten vom Veranstalter datenschutzgerecht gel\u00f6scht.<\/label><\/div><\/div><\/div><input type=\"hidden\" name=\"mod\" value=\"forms\"  \/><input type=\"hidden\" name=\"action\" value=\"contact\"  \/><input type=\"hidden\" name=\"id\" value=\"12\"  \/><input type=\"hidden\" name=\"_wpnonce\" value=\"99f87b0d61\"  \/><div class=\"cfsContactMsg\"><\/div><\/form><\/div><span style=\"display: none !important;\" class=\"cfsFormDesc\">eyJpZCI6IjEyIiwibGFiZWwiOiJUZWlsbmVobWVyZm9ybXVsYXIiLCJhY3RpdmUiOiIxIiwib3JpZ2luYWxfaWQiOiIxIiwidW5pcXVlX2lkIjoid2VmajIiLCJwYXJhbXMiOnsiZW5hYmxlRm9yTWVtYmVyc2hpcCI6IjAiLCJ0cGwiOnsid2lkdGgiOiIxMDAiLCJ3aWR0aF9tZWFzdXJlIjoiJSIsImJnX3R5cGVfMCI6Im5vbmUiLCJiZ19pbWdfMCI6IiIsImJnX2NvbG9yXzAiOiIjODFkNzQyIiwiYmdfdHlwZV8xIjoiY29sb3IiLCJiZ19pbWdfMSI6IiIsImJnX2NvbG9yXzEiOiIjMzMzMzMzIiwiYmdfdHlwZV8yIjoiY29sb3IiLCJiZ19pbWdfMiI6IiIsImJnX2NvbG9yXzIiOiIjMzMzMzMzIiwiYmdfdHlwZV8zIjoiY29sb3IiLCJiZ19pbWdfMyI6IiIsImJnX2NvbG9yXzMiOiIjMzMzMzMzIiwiZmllbGRfZXJyb3JfaW52YWxpZCI6IiIsImZvcm1fc2VudF9tc2ciOiJUaGFuayB5b3UgZm9yIGNvbnRhY3RpbmcgdXMhIiwiZm9ybV9zZW50X21zZ19jb2xvciI6IiM0YWU4ZWEiLCJoaWRlX29uX3N1Ym1pdCI6IjEiLCJyZWRpcmVjdF9vbl9zdWJtaXQiOiIiLCJ0ZXN0X2VtYWlsIjoiZHJlaXJhZGZyZXVuZGVAZ21haWwuY29tIiwic2F2ZV9jb250YWN0cyI6IjEiLCJleHBfZGVsaW0iOiI7IiwiZmJfY29udmVydF9iYXNlIjoiIiwiZmllbGRfd3JhcHBlciI6IjxkaXYgW2ZpZWxkX3NoZWxsX2NsYXNzZXNdIFtmaWVsZF9zaGVsbF9zdHlsZXNdPltmaWVsZF08XC9kaXY+In0sImZpZWxkcyI6W3siYnNfY2xhc3NfaWQiOiIxMiIsIm5hbWUiOiJBbnJlZGUiLCJsYWJlbCI6IkFucmVkZSoiLCJ2YWx1ZSI6IiIsInZhbHVlX3ByZXNldCI6IiIsImh0bWwiOiJzZWxlY3Rib3giLCJtYW5kYXRvcnkiOiIxIiwibGFiZWxfZGVsaW0iOiIiLCJhZGRfY2xhc3NlcyI6IiIsImFkZF9zdHlsZXMiOiIiLCJhZGRfYXR0ciI6IiIsImljb25fY2xhc3MiOiIiLCJpY29uX3NpemUiOiIiLCJpY29uX2NvbG9yIjoiIiwidGVybXMiOiIiLCJvcHRpb25zIjpbeyJuYW1lIjoiQml0dGUgd1x1MDBlNGhsZSIsImxhYmVsIjoiQml0dGUgd1x1MDBlNGhsZSJ9LHsibmFtZSI6IkZyYXUiLCJsYWJlbCI6IkZyYXUifSx7Im5hbWUiOiJIZXJyIiwibGFiZWwiOiJIZXJyIn1dfSx7ImJzX2NsYXNzX2lkIjoiNiIsIm5hbWUiOiJmaXJzdF9uYW1lIiwibGFiZWwiOiJWb3JuYW1lKiIsInBsYWNlaG9sZGVyIjoiIiwidmFsdWUiOiIiLCJ2YWx1ZV9wcmVzZXQiOiIiLCJodG1sIjoidGV4dCIsIm1hbmRhdG9yeSI6IjEiLCJtaW5fc2l6ZSI6IiIsIm1heF9zaXplIjoiIiwiYWRkX2NsYXNzZXMiOiIiLCJhZGRfc3R5bGVzIjoiIiwiYWRkX2F0dHIiOiIiLCJ2bl9vbmx5X251bWJlciI6IjAiLCJ2bl9vbmx5X2xldHRlcnMiOiIwIiwidm5fcGF0dGVybiI6IjAiLCJ2bl9lcXVhbCI6IiIsImljb25fY2xhc3MiOiIiLCJpY29uX3NpemUiOiIiLCJpY29uX2NvbG9yIjoiIiwidGVybXMiOiIifSx7ImJzX2NsYXNzX2lkIjoiNiIsIm5hbWUiOiJsYXN0X25hbWUiLCJsYWJlbCI6Ik5hY2huYW1lKiIsInBsYWNlaG9sZGVyIjoiIiwidmFsdWUiOiIiLCJ2YWx1ZV9wcmVzZXQiOiIiLCJodG1sIjoidGV4dCIsIm1hbmRhdG9yeSI6IjEiLCJtaW5fc2l6ZSI6IiIsIm1heF9zaXplIjoiIiwiYWRkX2NsYXNzZXMiOiIiLCJhZGRfc3R5bGVzIjoiIiwiYWRkX2F0dHIiOiIiLCJ2bl9vbmx5X251bWJlciI6IjAiLCJ2bl9vbmx5X2xldHRlcnMiOiIwIiwidm5fcGF0dGVybiI6IjAiLCJ2bl9lcXVhbCI6IiIsImljb25fY2xhc3MiOiIiLCJpY29uX3NpemUiOiIiLCJpY29uX2NvbG9yIjoiIiwidGVybXMiOiIifSx7ImJzX2NsYXNzX2lkIjoiMTIiLCJuYW1lIjoiZW1haWwiLCJsYWJlbCI6IkUtTWFpbCoiLCJwbGFjZWhvbGRlciI6IiIsInZhbHVlIjoiIiwidmFsdWVfcHJlc2V0IjoiIiwiaHRtbCI6ImVtYWlsIiwibWFuZGF0b3J5IjoiMSIsIm1pbl9zaXplIjoiIiwibWF4X3NpemUiOiIiLCJhZGRfY2xhc3NlcyI6IiIsImFkZF9zdHlsZXMiOiIiLCJhZGRfYXR0ciI6IiIsInZuX29ubHlfbnVtYmVyIjoiMCIsInZuX29ubHlfbGV0dGVycyI6IjAiLCJ2bl9wYXR0ZXJuIjoiMCIsInZuX2VxdWFsIjoiIiwiaWNvbl9jbGFzcyI6IiIsImljb25fc2l6ZSI6IiIsImljb25fY29sb3IiOiIiLCJ0ZXJtcyI6IiJ9LHsiYnNfY2xhc3NfaWQiOiIxMiIsIm5hbWUiOiJUZWxlZm9uIiwibGFiZWwiOiJUZWxlZm9ubnVtbWVyIChmYWxscyBpY2ggRGljaCBrb250YWt0aWVyZW4gZGFyZiB6d2Vja3MgVHJlZmZlbikiLCJwbGFjZWhvbGRlciI6IiIsInZhbHVlIjoiIiwidmFsdWVfcHJlc2V0IjoiIiwiaHRtbCI6InRleHQiLCJtYW5kYXRvcnkiOiIwIiwibWluX3NpemUiOiIiLCJtYXhfc2l6ZSI6IiIsImFkZF9jbGFzc2VzIjoiIiwiYWRkX3N0eWxlcyI6IiIsImFkZF9hdHRyIjoiIiwidm5fb25seV9udW1iZXIiOiIwIiwidm5fb25seV9sZXR0ZXJzIjoiMCIsInZuX3BhdHRlcm4iOiIiLCJ2bl9lcXVhbCI6IiIsImljb25fY2xhc3MiOiIiLCJpY29uX3NpemUiOiIiLCJpY29uX2NvbG9yIjoiIiwidGVybXMiOiIifSx7ImJzX2NsYXNzX2lkIjoiMTIiLCJuYW1lIjoiQ29tbXVuaXR5IiwibGFiZWwiOiJJbiB3ZWxjaGVyIENvbW11bml0eSBiaXN0IER1IGFrdGl2PyIsInZhbHVlIjoiIiwidmFsdWVfcHJlc2V0IjoiIiwiaHRtbCI6ImNoZWNrYm94bGlzdCIsIm1hbmRhdG9yeSI6IjAiLCJsYWJlbF9kZWxpbSI6IiIsImRpc3BsYXkiOiJyb3ciLCJhZGRfY2xhc3NlcyI6IiIsImFkZF9zdHlsZXMiOiIiLCJhZGRfYXR0ciI6IiIsImljb25fY2xhc3MiOiIiLCJpY29uX3NpemUiOiIiLCJpY29uX2NvbG9yIjoiIiwidGVybXMiOiIiLCJvcHRpb25zIjpbeyJuYW1lIjoiYXBlLWZhbnMuZGUiLCJsYWJlbCI6ImFwZS1mYW5zLmRlIn0seyJuYW1lIjoiZGFzLWFwZWZvcnVtLmRlIiwibGFiZWwiOiJkYXMtYXBlZm9ydW0uZGUifSx7Im5hbWUiOiJGYWNlYm9vayIsImxhYmVsIjoiRmFjZWJvb2sifSx7Im5hbWUiOiJzb25zdGlnZXMgRm9ydW0iLCJsYWJlbCI6InNvbnN0aWdlcyBGb3J1bSJ9XX0seyJic19jbGFzc19pZCI6IjEyIiwibmFtZSI6IkJlbnV0em5hbWUiLCJsYWJlbCI6IldpZSBpc3QgRGVpbiBCZW51dHplcm5hbWUgZG9ydD8iLCJwbGFjZWhvbGRlciI6IiIsInZhbHVlIjoiIiwidmFsdWVfcHJlc2V0IjoiIiwiaHRtbCI6InRleHQiLCJtYW5kYXRvcnkiOiIwIiwibWluX3NpemUiOiIiLCJtYXhfc2l6ZSI6IiIsImFkZF9jbGFzc2VzIjoiIiwiYWRkX3N0eWxlcyI6IiIsImFkZF9hdHRyIjoiIiwidm5fb25seV9udW1iZXIiOiIwIiwidm5fb25seV9sZXR0ZXJzIjoiMCIsInZuX3BhdHRlcm4iOiIiLCJ2bl9lcXVhbCI6IiIsImljb25fY2xhc3MiOiIiLCJpY29uX3NpemUiOiIiLCJpY29uX2NvbG9yIjoiIiwidGVybXMiOiIifSx7ImJzX2NsYXNzX2lkIjoiMTIiLCJuYW1lIjoiUGVyc29uZW5hbnphaGwiLCJsYWJlbCI6Ik1pdCB3aWUgdmllbGVuIFBlcnNvbmVuIHJlaXN0IER1IGFuPyoiLCJwbGFjZWhvbGRlciI6IiIsInZhbHVlIjoiIiwidmFsdWVfcHJlc2V0IjoiIiwiaHRtbCI6Im51bWJlciIsIm1hbmRhdG9yeSI6IjEiLCJtaW5fc2l6ZSI6IiIsIm1heF9zaXplIjoiIiwiYWRkX2NsYXNzZXMiOiIiLCJhZGRfc3R5bGVzIjoiIiwiYWRkX2F0dHIiOiIiLCJ2bl9vbmx5X251bWJlciI6IjAiLCJ2bl9vbmx5X2xldHRlcnMiOiIwIiwidm5fcGF0dGVybiI6IiIsInZuX2VxdWFsIjoiIiwiaWNvbl9jbGFzcyI6IiIsImljb25fc2l6ZSI6IiIsImljb25fY29sb3IiOiIiLCJ0ZXJtcyI6IiJ9LHsiYnNfY2xhc3NfaWQiOiIxMiIsIm5hbWUiOiJGYWhyemV1Z2FuemFobCIsImxhYmVsIjoiTWl0IHdpZSB2aWVsZW4gQXBlIGJ6dy4gRHJlaXJcdTAwZTRkZXJuIHJlaXN0IER1IGFuPyoiLCJwbGFjZWhvbGRlciI6IiIsInZhbHVlIjoiIiwidmFsdWVfcHJlc2V0IjoiIiwiaHRtbCI6Im51bWJlciIsIm1hbmRhdG9yeSI6IjEiLCJtaW5fc2l6ZSI6IiIsIm1heF9zaXplIjoiIiwiYWRkX2NsYXNzZXMiOiIiLCJhZGRfc3R5bGVzIjoiIiwiYWRkX2F0dHIiOiIiLCJ2bl9vbmx5X251bWJlciI6IjAiLCJ2bl9vbmx5X2xldHRlcnMiOiIwIiwidm5fcGF0dGVybiI6IiIsInZuX2VxdWFsIjoiIiwiaWNvbl9jbGFzcyI6IiIsImljb25fc2l6ZSI6IiIsImljb25fY29sb3IiOiIiLCJ0ZXJtcyI6IiJ9LHsiYnNfY2xhc3NfaWQiOiIxMiIsIm5hbWUiOiJBbnJlaXNlIiwibGFiZWwiOiJSZWlzdCBEdSBhdWYgZWlnZW5lciBBY2hzZSBhbj8qIiwidmFsdWUiOiIiLCJ2YWx1ZV9wcmVzZXQiOiIiLCJodG1sIjoic2VsZWN0Ym94IiwibWFuZGF0b3J5IjoiMSIsImxhYmVsX2RlbGltIjoiIiwiYWRkX2NsYXNzZXMiOiIiLCJhZGRfc3R5bGVzIjoiIiwiYWRkX2F0dHIiOiIiLCJpY29uX2NsYXNzIjoiIiwiaWNvbl9zaXplIjoiIiwiaWNvbl9jb2xvciI6IiIsInRlcm1zIjoiIiwib3B0aW9ucyI6W3sibmFtZSI6IkphLCBpY2ggZmFocmUgbWl0IGRlciBBcGUgenVtIFRyZWZmZW4iLCJsYWJlbCI6IkphLCBpY2ggZmFocmUgbWl0IGRlciBBcGUgenVtIFRyZWZmZW4uIn0seyJuYW1lIjoiTmVpbiwgaWNoIGtvbW1lIG1pdCBBdXRvIHVuZCBBcGUgYXVmIGRlbSBIXHUwMGU0bmdlci4iLCJsYWJlbCI6Ik5laW4sIGljaCBrb21tZSBtaXQgQXV0byB1bmQgQXBlIGF1ZiBkZW0gSFx1MDBlNG5nZXIuIn1dfSx7ImJzX2NsYXNzX2lkIjoiMTIiLCJuYW1lIjoiSGVpbWF0b3J0IiwibGFiZWwiOiJWb24gd28gcmVpc3QgRHUgYW4\/IChXb2hub3J0KSoiLCJwbGFjZWhvbGRlciI6IiIsInZhbHVlIjoiIiwidmFsdWVfcHJlc2V0IjoiIiwiaHRtbCI6InRleHQiLCJtYW5kYXRvcnkiOiIxIiwibWluX3NpemUiOiIiLCJtYXhfc2l6ZSI6IiIsImFkZF9jbGFzc2VzIjoiIiwiYWRkX3N0eWxlcyI6IiIsImFkZF9hdHRyIjoiIiwidm5fb25seV9udW1iZXIiOiIwIiwidm5fb25seV9sZXR0ZXJzIjoiMCIsInZuX3BhdHRlcm4iOiIiLCJ2bl9lcXVhbCI6IiIsImljb25fY2xhc3MiOiIiLCJpY29uX3NpemUiOiIiLCJpY29uX2NvbG9yIjoiIiwidGVybXMiOiIifSx7ImJzX2NsYXNzX2lkIjoiMTIiLCJuYW1lIjoiQmV0cmVmZiIsImxhYmVsIjoiQmV0cmVmZiIsInBsYWNlaG9sZGVyIjoiIiwidmFsdWUiOiIiLCJ2YWx1ZV9wcmVzZXQiOiIiLCJodG1sIjoidGV4dCIsIm1hbmRhdG9yeSI6IjAiLCJtaW5fc2l6ZSI6IiIsIm1heF9zaXplIjoiIiwiYWRkX2NsYXNzZXMiOiIiLCJhZGRfc3R5bGVzIjoiIiwiYWRkX2F0dHIiOiIiLCJ2bl9vbmx5X251bWJlciI6IjAiLCJ2bl9vbmx5X2xldHRlcnMiOiIwIiwidm5fcGF0dGVybiI6IjAiLCJ2bl9lcXVhbCI6IiIsImljb25fY2xhc3MiOiIiLCJpY29uX3NpemUiOiIiLCJpY29uX2NvbG9yIjoiIiwidGVybXMiOiIifSx7ImJzX2NsYXNzX2lkIjoiMTIiLCJuYW1lIjoibWVzc2FnZSIsImxhYmVsIjoiV2VubiBEdSBtaXIgbm9jaCBldHdhcyBtaXR0ZWlsZW4gbVx1MDBmNmNodGVzdCIsInBsYWNlaG9sZGVyIjoiIiwidmFsdWUiOiIiLCJ2YWx1ZV9wcmVzZXQiOiIiLCJodG1sIjoidGV4dGFyZWEiLCJtYW5kYXRvcnkiOiIwIiwibWluX3NpemUiOiIiLCJtYXhfc2l6ZSI6IiIsImFkZF9jbGFzc2VzIjoiIiwiYWRkX3N0eWxlcyI6IiIsImFkZF9hdHRyIjoiIiwidm5fb25seV9udW1iZXIiOiIwIiwidm5fb25seV9sZXR0ZXJzIjoiMCIsInZuX3BhdHRlcm4iOiIwIiwidm5fZXF1YWwiOiIiLCJpY29uX2NsYXNzIjoiIiwiaWNvbl9zaXplIjoiIiwiaWNvbl9jb2xvciI6IiIsInRlcm1zIjoiIn0seyJic19jbGFzc19pZCI6IjYiLCJuYW1lIjoic2VuZCIsImxhYmVsIjoiQWJzZW5kZW4iLCJodG1sIjoic3VibWl0IiwiYWRkX2NsYXNzZXMiOiIiLCJhZGRfc3R5bGVzIjoiIiwiYWRkX2F0dHIiOiIiLCJpY29uX2NsYXNzIjoiIiwiaWNvbl9zaXplIjoiIiwiaWNvbl9jb2xvciI6IiIsInRlcm1zIjoiIn0seyJic19jbGFzc19pZCI6IjYiLCJuYW1lIjoicmVzZXQiLCJsYWJlbCI6IkxcdTAwZjZzY2hlbiIsImh0bWwiOiJyZXNldCIsImFkZF9jbGFzc2VzIjoiIiwiYWRkX3N0eWxlcyI6IiIsImFkZF9hdHRyIjoiIiwidGVybXMiOiIifSx7ImJzX2NsYXNzX2lkIjoiMTIiLCJuYW1lIjoiRWlud2lsbGlndW5nX3p1cl9EYXRlbm51dHp1bmciLCJsYWJlbCI6IkVpbndpbGxpZ3VuZyB6dXIgRGF0ZW5udXR6dW5nKjogSGllcm1pdCB3aWxsaWdlIGljaCBlaW4sIGRhcyBtZWluZSBpbSBBbm1lbGRlZm9ybXVsYXIgYW5nZWdlYmVuIERhdGVuIG51ciB6dXIgUGxhbnVuZyB1bmQgVm9yYmVyZWl0dW5nIGRlcyAzLiBMYXVzaXR6ZXIgQXBlLSB1bmQgRHJlaXJhZHRyZWZmZW4gaW4gTG9oc2EgdW5kIHp1ciBFcnN0ZWxsdW5nIGVpbmVyIGludGVybmVuIFRlaWxuZWhtZXJsaXN0ZSBzb3dpZSBlaW5lciBpbnRlcm5lbiBTdGF0aXN0aWsgdmVyd2VuZGV0IHdlcmRlbiBkXHUwMGZjcmZlbi4gTmFjaCBkZW0gVHJlZmZlbiB3ZXJkZW4gZGllIERhdGVuIHZvbSBWZXJhbnN0YWx0ZXIgZGF0ZW5zY2h1dHpnZXJlY2h0IGdlbFx1MDBmNnNjaHQuIiwidmFsdWUiOiIiLCJ2YWx1ZV9wcmVzZXQiOiIiLCJodG1sIjoiY2hlY2tib3giLCJkZWZfY2hlY2tlZCI6IjAiLCJtYW5kYXRvcnkiOiIxIiwiYWRkX2NsYXNzZXMiOiIiLCJhZGRfc3R5bGVzIjoiIiwiYWRkX2F0dHIiOiIiLCJpY29uX2NsYXNzIjoiIiwiaWNvbl9zaXplIjoiIiwiaWNvbl9jb2xvciI6IiIsInRlcm1zIjoiIn1dLCJvcHRzX2F0dHJzIjp7ImJnX251bWJlciI6IjQifX0sImltZ19wcmV2aWV3IjoiYmFzZS1jb250YWN0LmpwZyIsInZpZXdzIjoiMjE4IiwidW5pcXVlX3ZpZXdzIjoiMTM3IiwiYWN0aW9ucyI6IjE0Iiwic29ydF9vcmRlciI6IjEiLCJpc19wcm8iOiIwIiwiYWJfaWQiOiIwIiwiZGF0ZV9jcmVhdGVkIjoiMjAxNi0wNS0wMyAxNTowMTowMyIsImltZ19wcmV2aWV3X3VybCI6Imh0dHBzOlwvXC9kcmVpcmFkZnJldW5kZS5kZVwvZHJmLXYzXC93cC1jb250ZW50XC9wbHVnaW5zXC9jb250YWN0LWZvcm0tYnktc3Vwc3lzdGljXC9hc3NldHNcL2Zvcm1zXC9pbWdcL3ByZXZpZXdcL2Jhc2UtY29udGFjdC5qcGciLCJ2aWV3X2lkIjoiMTJfNTc5NzU3Iiwidmlld19odG1sX2lkIjoiY3NwRm9ybVNoZWxsXzEyXzU3OTc1NyIsImNvbm5lY3RfaGFzaCI6ImQ1OTUzM2JmYTNmNGZmMzkxNzIyM2RmNzQ3NzJhMWJmIn0=<\/span>\n","protected":false},"excerpt":{"rendered":"<p>Anmeldeformular zum Treffen Wenn Du verbindlich am 3. Lausitzer Ape- und Dreiradtreffen in Lohsa teilnehmen m\u00f6chtest, dann bitte ich Dich, dieses Formular auszuf\u00fcllen. Die hier abgefragten Daten ben\u00f6tige ich zum einen zur besseren Planung und Organisation des Treffens und f\u00fcr eine kleine interne Statistik. Die Abfrage zwecks Deiner Aktivit\u00e4t und Deinem Benutzernamen in verschiedenen Foren &hellip; <a href=\"https:\/\/dreiradfreunde.de\/drf-v3\/anmeldeformular-zum-3-lausitzer-ape-und-dreiradtreffen-in-lohsa\/\" class=\"more-link\">Weiterlesen<span class=\"screen-reader-text\"> &#8220;Anmeldeformular zum 3. Lausitzer Ape- und Dreiradtreffen in Lohsa&#8221;<\/span><\/a><\/p>\n","protected":false},"author":1,"featured_media":16261,"parent":0,"menu_order":0,"comment_status":"closed","ping_status":"closed","template":"","meta":{"_bbp_topic_count":0,"_bbp_reply_count":0,"_bbp_total_topic_count":0,"_bbp_total_reply_count":0,"_bbp_voice_count":0,"_bbp_anonymous_reply_count":0,"_bbp_topic_count_hidden":0,"_bbp_reply_count_hidden":0,"_bbp_forum_subforum_count":0,"pmpro_default_level":"","footnotes":""},"categories":[],"tags":[],"class_list":["post-15967","page","type-page","status-publish","has-post-thumbnail","hentry","pmpro-has-access"],"_links":{"self":[{"href":"https:\/\/dreiradfreunde.de\/drf-v3\/wp-json\/wp\/v2\/pages\/15967","targetHints":{"allow":["GET"]}}],"collection":[{"href":"https:\/\/dreiradfreunde.de\/drf-v3\/wp-json\/wp\/v2\/pages"}],"about":[{"href":"https:\/\/dreiradfreunde.de\/drf-v3\/wp-json\/wp\/v2\/types\/page"}],"author":[{"embeddable":true,"href":"https:\/\/dreiradfreunde.de\/drf-v3\/wp-json\/wp\/v2\/users\/1"}],"replies":[{"embeddable":true,"href":"https:\/\/dreiradfreunde.de\/drf-v3\/wp-json\/wp\/v2\/comments?post=15967"}],"version-history":[{"count":0,"href":"https:\/\/dreiradfreunde.de\/drf-v3\/wp-json\/wp\/v2\/pages\/15967\/revisions"}],"wp:featuredmedia":[{"embeddable":true,"href":"https:\/\/dreiradfreunde.de\/drf-v3\/wp-json\/wp\/v2\/media\/16261"}],"wp:attachment":[{"href":"https:\/\/dreiradfreunde.de\/drf-v3\/wp-json\/wp\/v2\/media?parent=15967"}],"wp:term":[{"taxonomy":"category","embeddable":true,"href":"https:\/\/dreiradfreunde.de\/drf-v3\/wp-json\/wp\/v2\/categories?post=15967"},{"taxonomy":"post_tag","embeddable":true,"href":"https:\/\/dreiradfreunde.de\/drf-v3\/wp-json\/wp\/v2\/tags?post=15967"}],"curies":[{"name":"wp","href":"https:\/\/api.w.org\/{rel}","templated":true}]}}