{"id":15777,"date":"2021-10-23T18:08:28","date_gmt":"2021-10-23T16:08:28","guid":{"rendered":"https:\/\/dreiradfreunde.de\/drf-v3\/?page_id=15777"},"modified":"2021-10-23T18:08:28","modified_gmt":"2021-10-23T16:08:28","slug":"alles-wieder-auf-anfang","status":"publish","type":"page","link":"https:\/\/dreiradfreunde.de\/drf-v3\/alles-wieder-auf-anfang\/","title":{"rendered":"Alles wieder auf Anfang"},"content":{"rendered":"<h2 style=\"text-align: center;\"><span style=\"color: #00ccff;\">Alles wieder auf Anfang &#8230;<\/span><\/h2>\n<p>&nbsp;<\/p>\n<p><strong>Warum ist alles wieder auf Anfang bei Dreiradfreunde.de?<\/strong><\/p>\n<p>Nach dem ich die Community in letzter Zeit mehrfach geupdatet habe, sind mir einige Dinge aufgefallen. Zum einen sind beim Migrieren des Forums in die neuen Systeme Beitr\u00e4ge und Bilder verschwunden bzw. so ver\u00e4ndert worden, das sie nicht mehr lesbar waren. Das ist nicht un\u00fcblich, wenn man mit vorhandenen Mitteln arbeitet. Ich h\u00e4tte mit gro\u00dfen finanziellen Mitteln bzw. mit der Beauftragung von Firmen das Forum mit den Beitr\u00e4gen gut migrieren k\u00f6nnen. Hier w\u00e4re der finanzielle Aufwand aber so hoch, das das f\u00fcr mich nicht vertretbar war und ist. Auch st\u00e4nden mir die Mittel gar nicht zur Verf\u00fcgung.<\/p>\n<p>Zum anderen\u00a0 sind immer wieder Mitglieder aus der Community ausgetreten bzw. haben auf meine Bitten hin sich noch nicht in der Vorg\u00e4ngerversion neu angemeldet. Da ich diese Mitglieder nach einer gewissen Zeit gel\u00f6scht h\u00e4tte, w\u00e4ren auch deren Beitr\u00e4ge gel\u00f6scht worden. Und somit w\u00e4ren viele Themen *zerhackst\u00fcckelt* und aus dem Zusammenhang gerissen worden.<\/p>\n<p>Nach den neuen Gesetzen und auf Grund des Datenschutzes bin ich ja als Webseitenbetreiber verpflichtet, entsprechend ALLE Daten der Mitglieder zu l\u00f6schen. Und um mich rechtlich abzusichern, war der Schritt zu einer nagelneuen Community unumg\u00e4nglich.<\/p>\n<p>Es ist zwar schade um die vielen sch\u00f6nen Beitr\u00e4ge und Bilder, die sich im Laufe der Jahre *angesammelt* haben und um die Mitglieder, welche mir die Jahre \u00fcber die Treue gehalten haben und es schwingt auch etwas Wehmut mit, die alte Community abzuschalten, aber leider ist dieser Schritt unumg\u00e4nglich.<\/p>\n<p>Des weiteren habe ich nun in der Community Komponenten und Plugins verwendet, die sauber miteinander arbeiten, ohne entsprechende Zusatzkomponenten zu nutzen. Es ist diesmal also alles aus einem Guss. Ich habe viel getestet und probiert und etliche Male das System installiert und unter verschiedenen Zusammenstellungen getestet. Mit der jetzigen Konstellation bin ich nun zufrieden und es ist auch f\u00fcr potentielle Mitglieder einfacher zu handhaben.<\/p>\n<p>Die Community ist noch nicht ganz perfekt, wird aber mit der Zusammenarbeit der Mitglieder und mir zu einem Onlinetreffpunkt, auf dem man gern verweilt.<\/p>\n<p>Ich muss aber auch immer wieder darauf hinweisen, das Dreiradfreunde.de eine Community ist und damit umfangreicher als ein reines Forum, wie viele andere Internetauftritte mit \u00e4hnlichem Inhalt. Und das macht uns einmalig und hebt uns gegen\u00fcber anderen Apeforen hervor.<\/p>\n<p><strong>Warum ist Dreiradfreunde.de kostenpflichtig?<\/strong><\/p>\n<p>Die Frage, Dreiradfreunde.de kostenpflichtig zu machen, stand schon lange im Raum. Es war aber unumg\u00e4nglich, f\u00fcr die Nutzung von Dreiradfreunde.de eine kleine j\u00e4hrliche Geb\u00fchr zu erheben.<\/p>\n<p>Mit nur 5,00 Euro im Jahr f\u00fcr die Standardmitgliedschaft, welche der Gro\u00dfteil der potentiellen Mitglieder ja sind, haben wir eine M\u00f6glichkeit geschaffen, die Community finanziell tragbar zu gestalten.<\/p>\n<p>Viele wissen gar nicht, das der Betrieb einer solchen Community oder eines Forums einiges an Geld und Arbeit kostet und das jeden Monat. Und dabei ist die Erstellung der Community noch gar nicht dabei. Deshalb stand die Zukunft von Dreiradfreunde.de schon oft in den Sternen und oft auch schon kurz vor dem Aus. Als ich vor Jahren die M\u00f6glichkeit des Spendens angeboten habe, kamen zwar Spenden, aber diese reichten bei weitem nicht aus, um die Community zu finanzieren. Auch spendeten immer nur dieselben Mitglieder, was ich als unfair fand. Und die Community mit Werbung *zuzupflastern* und die Mitglieder zu bitten, auf Banner zu klicken, nur um Centbeitr\u00e4ge zu erhalten, ist auch nicht im Sinne des Erfinders.<\/p>\n<p>Und so denke ich, das 5,00 Euro im Jahr f\u00fcr die Standardmitgliedschaft gerechtfertigt und so die finanzielle Last auf alle fair verteilt ist.<\/p>\n<p>Und als kleiner Hinweis, es gibt ein Apeforum, welches 1,50 Euro im Monat f\u00fcr die Nutzung verlangt und das ist ein reines Forum und bietet kaum Mehrwert.<\/p>\n<p>Mir ist auch bewusst, das viele meiner Mitglieder aus der alten Community nicht mehr in die neue Community kommen werden, weil ihnen die 5,00 Euro im Jahr zu teuer sind. Aber wenn man sich einmal \u00fcberlegt, was so ein Apefahrer im Jahr f\u00fcr sein Bienchen ausgibt, dann sind die 5,00 Euro nichts.<\/p>\n<p>&nbsp;<\/p>\n<p>Nun versuche ich, Dreiradfreunde.de neu aufzustellen und aufzubauen, um eine Community zu schaffen, die sich viele weitere Jahre im Internet behaupten kann und f\u00fcr die Mitglieder DEN Mehrwert bietet, der gew\u00fcnscht wird. Das wird zwar wieder etwas dauern, aber ich bin zuversichtlich. Die Community l\u00e4uft stabil und ist nun auch f\u00fcr die Mitglieder und mich leicht zu handhaben. Auch kann ich diese nun besser auf den neuesten Stand halten, was die Sicherheit und die Aktualit\u00e4t des Systems und der Komponenten etc. angeht. Sie hat also f\u00fcr alle Vorteile.<\/p>\n<p>Wenn Du dazu Fragen hast, dann scheue Dich nicht, mir diese zu stellen.<\/p>\n<p><em>Dein Webbi Rico<\/em><\/p>\n","protected":false},"excerpt":{"rendered":"<p>Alles wieder auf Anfang &#8230; &nbsp; Warum ist alles wieder auf Anfang bei Dreiradfreunde.de? Nach dem ich die Community in letzter Zeit mehrfach geupdatet habe, sind mir einige Dinge aufgefallen. Zum einen sind beim Migrieren des Forums in die neuen Systeme Beitr\u00e4ge und Bilder verschwunden bzw. so ver\u00e4ndert worden, das sie nicht mehr lesbar waren. &hellip; <a href=\"https:\/\/dreiradfreunde.de\/drf-v3\/alles-wieder-auf-anfang\/\" class=\"more-link\">Weiterlesen<span class=\"screen-reader-text\"> &#8220;Alles wieder auf Anfang&#8221;<\/span><\/a><\/p>\n","protected":false},"author":1,"featured_media":0,"parent":0,"menu_order":0,"comment_status":"closed","ping_status":"closed","template":"","meta":{"_bbp_topic_count":0,"_bbp_reply_count":0,"_bbp_total_topic_count":0,"_bbp_total_reply_count":0,"_bbp_voice_count":0,"_bbp_anonymous_reply_count":0,"_bbp_topic_count_hidden":0,"_bbp_reply_count_hidden":0,"_bbp_forum_subforum_count":0,"pmpro_default_level":"","footnotes":""},"categories":[],"tags":[],"class_list":["post-15777","page","type-page","status-publish","hentry","pmpro-has-access"],"_links":{"self":[{"href":"https:\/\/dreiradfreunde.de\/drf-v3\/wp-json\/wp\/v2\/pages\/15777","targetHints":{"allow":["GET"]}}],"collection":[{"href":"https:\/\/dreiradfreunde.de\/drf-v3\/wp-json\/wp\/v2\/pages"}],"about":[{"href":"https:\/\/dreiradfreunde.de\/drf-v3\/wp-json\/wp\/v2\/types\/page"}],"author":[{"embeddable":true,"href":"https:\/\/dreiradfreunde.de\/drf-v3\/wp-json\/wp\/v2\/users\/1"}],"replies":[{"embeddable":true,"href":"https:\/\/dreiradfreunde.de\/drf-v3\/wp-json\/wp\/v2\/comments?post=15777"}],"version-history":[{"count":0,"href":"https:\/\/dreiradfreunde.de\/drf-v3\/wp-json\/wp\/v2\/pages\/15777\/revisions"}],"wp:attachment":[{"href":"https:\/\/dreiradfreunde.de\/drf-v3\/wp-json\/wp\/v2\/media?parent=15777"}],"wp:term":[{"taxonomy":"category","embeddable":true,"href":"https:\/\/dreiradfreunde.de\/drf-v3\/wp-json\/wp\/v2\/categories?post=15777"},{"taxonomy":"post_tag","embeddable":true,"href":"https:\/\/dreiradfreunde.de\/drf-v3\/wp-json\/wp\/v2\/tags?post=15777"}],"curies":[{"name":"wp","href":"https:\/\/api.w.org\/{rel}","templated":true}]}}